{"id":61,"date":"2015-06-02T15:02:18","date_gmt":"2015-06-02T14:02:18","guid":{"rendered":"http:\/\/www.cf-romandie.ch\/ncfrom\/?page_id=61"},"modified":"2023-02-20T11:25:03","modified_gmt":"2023-02-20T10:25:03","slug":"buts-de-lassociation","status":"publish","type":"page","link":"https:\/\/www.cf-romandie.ch\/ncfrom\/association\/buts-de-lassociation","title":{"rendered":"Buts de l&rsquo;association"},"content":{"rendered":"\t\t<div data-elementor-type=\"wp-page\" data-elementor-id=\"61\" class=\"elementor elementor-61\" data-elementor-post-type=\"page\">\n\t\t\t\t\t\t<section class=\"elementor-section elementor-top-section elementor-element elementor-element-11ffc39 elementor-section-boxed elementor-section-height-default elementor-section-height-default\" data-id=\"11ffc39\" data-element_type=\"section\" data-e-type=\"section\" data-settings=\"{&quot;background_background&quot;:&quot;classic&quot;}\">\n\t\t\t\t\t\t<div class=\"elementor-container elementor-column-gap-default\">\n\t\t\t\t\t<div class=\"elementor-column elementor-col-100 elementor-top-column elementor-element elementor-element-ba88351\" data-id=\"ba88351\" data-element_type=\"column\" data-e-type=\"column\">\n\t\t\t<div class=\"elementor-widget-wrap elementor-element-populated\">\n\t\t\t\t\t\t<section class=\"elementor-section elementor-inner-section elementor-element elementor-element-b28248a elementor-section-height-min-height elementor-section-boxed elementor-section-height-default\" data-id=\"b28248a\" data-element_type=\"section\" data-e-type=\"section\">\n\t\t\t\t\t\t<div class=\"elementor-container elementor-column-gap-default\">\n\t\t\t\t\t<div class=\"elementor-column elementor-col-50 elementor-inner-column elementor-element elementor-element-cd09e18\" data-id=\"cd09e18\" data-element_type=\"column\" data-e-type=\"column\">\n\t\t\t<div class=\"elementor-widget-wrap elementor-element-populated\">\n\t\t\t\t\t\t<div class=\"elementor-element elementor-element-87fe89c elementor-widget elementor-widget-heading\" data-id=\"87fe89c\" data-element_type=\"widget\" data-e-type=\"widget\" data-widget_type=\"heading.default\">\n\t\t\t\t<div class=\"elementor-widget-container\">\n\t\t\t\t\t<h4 class=\"elementor-heading-title elementor-size-default\">Buts de l\u2019association<\/h4>\t\t\t\t<\/div>\n\t\t\t\t<\/div>\n\t\t\t\t\t<\/div>\n\t\t<\/div>\n\t\t\t\t<div class=\"elementor-column elementor-col-50 elementor-inner-column elementor-element elementor-element-e43b3b6\" data-id=\"e43b3b6\" data-element_type=\"column\" data-e-type=\"column\">\n\t\t\t<div class=\"elementor-widget-wrap elementor-element-populated\">\n\t\t\t\t\t\t<div class=\"elementor-element elementor-element-b2dd514 elementor-widget elementor-widget-raven-search-form\" data-id=\"b2dd514\" data-element_type=\"widget\" data-e-type=\"widget\" data-settings=\"{&quot;_skin&quot;:&quot;classic&quot;}\" data-widget_type=\"raven-search-form.classic\">\n\t\t\t\t<div class=\"elementor-widget-container\">\n\t\t\t\t\t\t\t<form class=\"raven-search-form raven-search-form-classic\" method=\"get\" action=\"https:\/\/www.cf-romandie.ch\/ncfrom\/\" role=\"search\">\n\t\t\t<div class=\"raven-search-form-container\">\n\t\t\t\t<div class=\"raven-search-form-inner\">\n\t\t\t\t\t<label class=\"elementor-screen-only\" for=\"raven-search-form-input\">Search<\/label>\n\t\t\t\t\t<input id=\"raven-search-form-input\" class=\"raven-search-form-input\" type=\"search\" name=\"s\" placeholder=\"Rechercher...\" \/>\n\t\t\t\t\t\t\t\t\t\t\t\t\t\t\t\t\t\t<button class=\"raven-search-form-button raven-search-form-button-svg\" type=\"submit\" aria-label=\"Search\">\n\t\t\t\t\t\t\t\t\t<i class=\"fas fa-search\"><\/i>\t\t\t\t\t\t\t\t<\/button>\n\t\t\t\t\t\t\t\t\t\t\t\t\t\t\t\t\t<\/div>\n\t\t\t<\/div>\n\t\t<\/form>\n\t\t\t\t\t\t<\/div>\n\t\t\t\t<\/div>\n\t\t\t\t\t<\/div>\n\t\t<\/div>\n\t\t\t\t\t<\/div>\n\t\t<\/section>\n\t\t\t\t\t<\/div>\n\t\t<\/div>\n\t\t\t\t\t<\/div>\n\t\t<\/section>\n\t\t\t\t<section class=\"elementor-section elementor-top-section elementor-element elementor-element-ed11c1e elementor-section-full_width elementor-section-height-default elementor-section-height-default\" data-id=\"ed11c1e\" data-element_type=\"section\" data-e-type=\"section\" data-settings=\"{&quot;background_background&quot;:&quot;classic&quot;}\">\n\t\t\t\t\t\t<div class=\"elementor-container elementor-column-gap-default\">\n\t\t\t\t\t<div class=\"elementor-column elementor-col-100 elementor-top-column elementor-element elementor-element-217b8ff\" data-id=\"217b8ff\" data-element_type=\"column\" data-e-type=\"column\">\n\t\t\t<div class=\"elementor-widget-wrap elementor-element-populated\">\n\t\t\t\t\t\t<section class=\"elementor-section elementor-inner-section elementor-element elementor-element-4025a9c elementor-section-boxed elementor-section-height-default elementor-section-height-default\" data-id=\"4025a9c\" data-element_type=\"section\" data-e-type=\"section\">\n\t\t\t\t\t\t<div class=\"elementor-container elementor-column-gap-default\">\n\t\t\t\t\t<div class=\"elementor-column elementor-col-100 elementor-inner-column elementor-element elementor-element-21aa31b\" data-id=\"21aa31b\" data-element_type=\"column\" data-e-type=\"column\">\n\t\t\t<div class=\"elementor-widget-wrap elementor-element-populated\">\n\t\t\t\t\t\t<div class=\"elementor-element elementor-element-c6cf6e3 elementor-align-center elementor-widget elementor-widget-raven-breadcrumbs\" data-id=\"c6cf6e3\" data-element_type=\"widget\" data-e-type=\"widget\" data-widget_type=\"raven-breadcrumbs.default\">\n\t\t\t\t<div class=\"elementor-widget-container\">\n\t\t\t\t\t<div class=\"raven-breadcrumbs raven-breadcrumbs-default\"><div class=\"breadcrumb\">\t\t\t\t<div class=\"breadcrumb-item active\" aria-current=\"page\"><span>Home<\/span><\/div>\n\n\t\t\t\t<\/div><\/div>\t\t\t\t<\/div>\n\t\t\t\t<\/div>\n\t\t\t\t\t<\/div>\n\t\t<\/div>\n\t\t\t\t\t<\/div>\n\t\t<\/section>\n\t\t\t\t<div class=\"elementor-element elementor-element-d7716a7 elementor-nav-menu--dropdown-tablet elementor-nav-menu__text-align-aside elementor-nav-menu--toggle elementor-nav-menu--burger elementor-widget elementor-widget-nav-menu\" data-id=\"d7716a7\" data-element_type=\"widget\" data-e-type=\"widget\" data-settings=\"{&quot;layout&quot;:&quot;horizontal&quot;,&quot;submenu_icon&quot;:{&quot;value&quot;:&quot;&lt;i class=\\&quot;fas fa-caret-down\\&quot; aria-hidden=\\&quot;true\\&quot;&gt;&lt;\\\/i&gt;&quot;,&quot;library&quot;:&quot;fa-solid&quot;},&quot;toggle&quot;:&quot;burger&quot;}\" data-widget_type=\"nav-menu.default\">\n\t\t\t\t<div class=\"elementor-widget-container\">\n\t\t\t\t\t\t\t\t<nav aria-label=\"Menu\" class=\"elementor-nav-menu--main elementor-nav-menu__container elementor-nav-menu--layout-horizontal e--pointer-none\">\n\t\t\t\t<ul id=\"menu-1-d7716a7\" class=\"elementor-nav-menu\"><li class=\"menu-item menu-item-type-post_type menu-item-object-page menu-item-has-children menu-item-259\"><a href=\"https:\/\/www.cf-romandie.ch\/ncfrom\/association\" class=\"elementor-item\">CF-Romandie<\/a>\n<ul class=\"sub-menu elementor-nav-menu--dropdown\">\n\t<li class=\"menu-item menu-item-type-post_type menu-item-object-page menu-item-260\"><a href=\"https:\/\/www.cf-romandie.ch\/ncfrom\/association\/buts-de-lassociation\" class=\"elementor-sub-item\">Buts de l\u2019association<\/a><\/li>\n\t<li class=\"menu-item menu-item-type-post_type menu-item-object-page menu-item-261\"><a href=\"https:\/\/www.cf-romandie.ch\/ncfrom\/association\/statuts\" class=\"elementor-sub-item\">Statuts<\/a><\/li>\n\t<li class=\"menu-item menu-item-type-post_type menu-item-object-page menu-item-262\"><a href=\"https:\/\/www.cf-romandie.ch\/ncfrom\/association\/comite\" class=\"elementor-sub-item\">Comit\u00e9<\/a><\/li>\n<\/ul>\n<\/li>\n<li class=\"menu-item menu-item-type-post_type menu-item-object-page menu-item-800\"><a href=\"https:\/\/www.cf-romandie.ch\/ncfrom\/association\/confederation-cftmpp\" class=\"elementor-item\">Conf\u00e9d\u00e9ration CFTMPP\u2019<\/a><\/li>\n<li class=\"menu-item menu-item-type-post_type menu-item-object-page menu-item-has-children menu-item-264\"><a href=\"https:\/\/www.cf-romandie.ch\/ncfrom\/membres\" class=\"elementor-item\">Membres<\/a>\n<ul class=\"sub-menu elementor-nav-menu--dropdown\">\n\t<li class=\"menu-item menu-item-type-post_type menu-item-object-page menu-item-9794\"><a href=\"https:\/\/www.cf-romandie.ch\/ncfrom\/login-2\" class=\"elementor-sub-item\">Login<\/a><\/li>\n\t<li class=\"menu-item menu-item-type-post_type menu-item-object-page menu-item-4441\"><a href=\"https:\/\/www.cf-romandie.ch\/ncfrom\/membres\/accueil-membre2\" class=\"elementor-sub-item\">Espace membres<\/a><\/li>\n\t<li class=\"menu-item menu-item-type-post_type menu-item-object-page menu-item-263\"><a href=\"https:\/\/www.cf-romandie.ch\/ncfrom\/membres\/devenir-membre\" class=\"elementor-sub-item\">Devenir membre<\/a><\/li>\n<\/ul>\n<\/li>\n<li class=\"menu-item menu-item-type-post_type menu-item-object-page menu-item-265\"><a href=\"https:\/\/www.cf-romandie.ch\/ncfrom\/nous-contacter\" class=\"elementor-item\">Nous contacter<\/a><\/li>\n<\/ul>\t\t\t<\/nav>\n\t\t\t\t\t<div class=\"elementor-menu-toggle\" role=\"button\" tabindex=\"0\" aria-label=\"Permuter le menu\" aria-expanded=\"false\">\n\t\t\t<i aria-hidden=\"true\" role=\"presentation\" class=\"elementor-menu-toggle__icon--open eicon-menu-bar\"><\/i><i aria-hidden=\"true\" role=\"presentation\" class=\"elementor-menu-toggle__icon--close eicon-close\"><\/i>\t\t<\/div>\n\t\t\t\t\t<nav class=\"elementor-nav-menu--dropdown elementor-nav-menu__container\" aria-hidden=\"true\">\n\t\t\t\t<ul id=\"menu-2-d7716a7\" class=\"elementor-nav-menu\"><li class=\"menu-item menu-item-type-post_type menu-item-object-page menu-item-has-children menu-item-259\"><a href=\"https:\/\/www.cf-romandie.ch\/ncfrom\/association\" class=\"elementor-item\" tabindex=\"-1\">CF-Romandie<\/a>\n<ul class=\"sub-menu elementor-nav-menu--dropdown\">\n\t<li class=\"menu-item menu-item-type-post_type menu-item-object-page menu-item-260\"><a href=\"https:\/\/www.cf-romandie.ch\/ncfrom\/association\/buts-de-lassociation\" class=\"elementor-sub-item\" tabindex=\"-1\">Buts de l\u2019association<\/a><\/li>\n\t<li class=\"menu-item menu-item-type-post_type menu-item-object-page menu-item-261\"><a href=\"https:\/\/www.cf-romandie.ch\/ncfrom\/association\/statuts\" class=\"elementor-sub-item\" tabindex=\"-1\">Statuts<\/a><\/li>\n\t<li class=\"menu-item menu-item-type-post_type menu-item-object-page menu-item-262\"><a href=\"https:\/\/www.cf-romandie.ch\/ncfrom\/association\/comite\" class=\"elementor-sub-item\" tabindex=\"-1\">Comit\u00e9<\/a><\/li>\n<\/ul>\n<\/li>\n<li class=\"menu-item menu-item-type-post_type menu-item-object-page menu-item-800\"><a href=\"https:\/\/www.cf-romandie.ch\/ncfrom\/association\/confederation-cftmpp\" class=\"elementor-item\" tabindex=\"-1\">Conf\u00e9d\u00e9ration CFTMPP\u2019<\/a><\/li>\n<li class=\"menu-item menu-item-type-post_type menu-item-object-page menu-item-has-children menu-item-264\"><a href=\"https:\/\/www.cf-romandie.ch\/ncfrom\/membres\" class=\"elementor-item\" tabindex=\"-1\">Membres<\/a>\n<ul class=\"sub-menu elementor-nav-menu--dropdown\">\n\t<li class=\"menu-item menu-item-type-post_type menu-item-object-page menu-item-9794\"><a href=\"https:\/\/www.cf-romandie.ch\/ncfrom\/login-2\" class=\"elementor-sub-item\" tabindex=\"-1\">Login<\/a><\/li>\n\t<li class=\"menu-item menu-item-type-post_type menu-item-object-page menu-item-4441\"><a href=\"https:\/\/www.cf-romandie.ch\/ncfrom\/membres\/accueil-membre2\" class=\"elementor-sub-item\" tabindex=\"-1\">Espace membres<\/a><\/li>\n\t<li class=\"menu-item menu-item-type-post_type menu-item-object-page menu-item-263\"><a href=\"https:\/\/www.cf-romandie.ch\/ncfrom\/membres\/devenir-membre\" class=\"elementor-sub-item\" tabindex=\"-1\">Devenir membre<\/a><\/li>\n<\/ul>\n<\/li>\n<li class=\"menu-item menu-item-type-post_type menu-item-object-page menu-item-265\"><a href=\"https:\/\/www.cf-romandie.ch\/ncfrom\/nous-contacter\" class=\"elementor-item\" tabindex=\"-1\">Nous contacter<\/a><\/li>\n<\/ul>\t\t\t<\/nav>\n\t\t\t\t\t\t<\/div>\n\t\t\t\t<\/div>\n\t\t\t\t\t<\/div>\n\t\t<\/div>\n\t\t\t\t\t<\/div>\n\t\t<\/section>\n\t\t\t\t<section class=\"elementor-section elementor-top-section elementor-element elementor-element-e676ceb elementor-section-boxed elementor-section-height-default elementor-section-height-default\" data-id=\"e676ceb\" data-element_type=\"section\" data-e-type=\"section\">\n\t\t\t\t\t\t<div class=\"elementor-container elementor-column-gap-default\">\n\t\t\t\t\t<div class=\"elementor-column elementor-col-100 elementor-top-column elementor-element elementor-element-f660336\" data-id=\"f660336\" data-element_type=\"column\" data-e-type=\"column\">\n\t\t\t<div class=\"elementor-widget-wrap elementor-element-populated\">\n\t\t\t\t\t\t<div class=\"elementor-element elementor-element-69f2087 elementor-widget elementor-widget-spacer\" data-id=\"69f2087\" data-element_type=\"widget\" data-e-type=\"widget\" data-widget_type=\"spacer.default\">\n\t\t\t\t<div class=\"elementor-widget-container\">\n\t\t\t\t\t\t\t<div class=\"elementor-spacer\">\n\t\t\t<div class=\"elementor-spacer-inner\"><\/div>\n\t\t<\/div>\n\t\t\t\t\t\t<\/div>\n\t\t\t\t<\/div>\n\t\t\t\t<div class=\"elementor-element elementor-element-4ce10ce elementor-widget elementor-widget-text-editor\" data-id=\"4ce10ce\" data-element_type=\"widget\" data-e-type=\"widget\" data-widget_type=\"text-editor.default\">\n\t\t\t\t<div class=\"elementor-widget-container\">\n\t\t\t\t\t\t\t\t\t<h2>Buts de l\u2019association CF-Romandie<\/h2>\t\t\t\t\t\t\t\t<\/div>\n\t\t\t\t<\/div>\n\t\t\t\t\t<\/div>\n\t\t<\/div>\n\t\t\t\t\t<\/div>\n\t\t<\/section>\n\t\t\t\t<section class=\"elementor-section elementor-top-section elementor-element elementor-element-2575c17 elementor-section-boxed elementor-section-height-default elementor-section-height-default\" data-id=\"2575c17\" data-element_type=\"section\" data-e-type=\"section\">\n\t\t\t\t\t\t<div class=\"elementor-container elementor-column-gap-default\">\n\t\t\t\t\t<div class=\"elementor-column elementor-col-100 elementor-top-column elementor-element elementor-element-2a8c688\" data-id=\"2a8c688\" data-element_type=\"column\" data-e-type=\"column\">\n\t\t\t<div class=\"elementor-widget-wrap elementor-element-populated\">\n\t\t\t\t\t\t<div class=\"elementor-element elementor-element-7bad5eb elementor-widget elementor-widget-text-editor\" data-id=\"7bad5eb\" data-element_type=\"widget\" data-e-type=\"widget\" data-widget_type=\"text-editor.default\">\n\t\t\t\t<div class=\"elementor-widget-container\">\n\t\t\t\t\t\t\t\t\t<p align=\"justify\">En conformit\u00e9 avec ses statuts (voir statuts), l&rsquo;association CF-Romandie, confessionnellement et politiquement neutre, poursuit les buts suivants\u00a0:<\/p>\n\n<ul>\n \t<li>\u00eatre un lieu d&rsquo;information sur la communication en facilitation, dans un souci de qualit\u00e9 et d&rsquo;\u00e9thique dans la promotion, la recherche et l&rsquo;application de ces approches ;<\/li>\n \t<li>soutenir toute d\u00e9marche en vue de l&rsquo;application \u00e9thique de la communication en facilitation, notamment en faisant conna\u00eetre et respecter sa Charte d\u00e9ontologique ;<\/li>\n \t<li>collaborer avec l&rsquo;association \u00ab\u00a0Communiquer en Psychophanie\u00a0\u00bb (CeP) (anciennement Conf\u00e9d\u00e9ration Francophone Ta Main Pour Parler&rsquo; &#8211; CFTMPP&rsquo;) et les associations et p\u00f4les de formation qui y sont affili\u00e9s ;<\/li>\n \t<li>favoriser le d\u00e9veloppement de la formation ;<\/li>\n \t<li>promouvoir la pratique de ces approches, afin d&rsquo;une part de les mettre au service des personnes en grave difficult\u00e9 d&rsquo;expression verbale, favorisant par l\u00e0 leur expression et leur acc\u00e8s la communication ;<\/li>\n \t<li>faire connaitre et promouvoir la communication en facilitation \u00e9galement aupr\u00e8s des personnes sans difficult\u00e9 langagi\u00e8re, dans un but d\u2019appui \u00e0 d\u2019autres d\u00e9marches telles que celle d\u2019un d\u00e9veloppement personnel\u00a0;<\/li>\n \t<li>\u00eatre un lieu de promotion de recherches, r\u00e9flexions, d&rsquo;\u00e9changes et de rencontres ;<\/li>\n \t<li>\u00eatre un interlocuteur des pouvoirs publics et autres intervenants.<\/li>\n<\/ul>\n<img decoding=\"async\" class=\"aligncenter size-full wp-image-69\" src=\"https:\/\/www.cf-romandie.ch\/images\/images_site\/Separateur_2.png\" alt=\"\" width=\"\" height=\"\" \/>\n<h4>Moyens pour r\u00e9aliser ses buts<\/h4>\n<p align=\"justify\">Les\u00a0 moyens de l&rsquo;association CF-Romandie de r\u00e9aliser ses buts, gr\u00e2ce au travail de son comit\u00e9 dont les membres se rencontrent et se concertent r\u00e9guli\u00e8rement, mais aussi de membres actifs qui apportent leur collaboration et aide pr\u00e9cieuse \u00e0 la bonne marche des activit\u00e9s de CF-Romandie, sont\u00a0:<\/p>\n\n<ul>\n \t<li>organiser des conf\u00e9rences publiques sur des th\u00e8mes en lien avec la communication en facilitation, sa pratique et sa recherche, ou sur des th\u00e8mes relevant d\u2019autres approches ;<\/li>\n \t<li>organiser des rencontres r\u00e9unissant des personnes en situation de handicap et des personnes sans handicap (les \u00ab Tables rondes \u00bb, qui proposent un th\u00e8me d&rsquo;\u00e9change, permettent \u00e0 tous de se rencontrer et d\u00e9battre ensemble ; elles s&rsquo;adressent particuli\u00e8rement aux personnes en situation de handicap de la parole) ;<\/li>\n \t<li>participer \u00e0 des rencontres et \u00e9changes, soit pour s\u2019ouvrir \u00e0 d\u2019autres approches, soit pour pouvoir pr\u00e9senter la communication en facilitation \u00e0 des publics non connaisseurs ;<\/li>\n \t<li>d\u00e9velopper les occasions de pouvoir pr\u00e9senter la communication en facilitation sous toutes ses formes \u00e0 des publics non connaisseurs ;<\/li>\n \t<li>diffuser l&rsquo;information sur les activit\u00e9s et le planning des p\u00f4les de formation ;<\/li>\n \t<li>collaborer \u00e0 des travaux de recherche ;<\/li>\n \t<li>assurer l&rsquo;information des membres et de personnes int\u00e9ress\u00e9es par la publication r\u00e9guli\u00e8re d&rsquo;un feuillet d&rsquo;information ou journal (\u00ab\u00a0Fleur de Parole\u00a0\u00bb par ex.) ;<\/li>\n \t<li>collaborer \u00e0 la r\u00e9alisation de tout support m\u00e9dia en relation avec la communication en facilitation.<\/li>\n<\/ul>\t\t\t\t\t\t\t\t<\/div>\n\t\t\t\t<\/div>\n\t\t\t\t\t<\/div>\n\t\t<\/div>\n\t\t\t\t\t<\/div>\n\t\t<\/section>\n\t\t\t\t<\/div>\n\t\t","protected":false},"excerpt":{"rendered":"<p>Buts de l\u2019association Home Buts de l\u2019association CF-Romandie En conformit\u00e9 avec ses statuts (voir statuts), l&rsquo;association CF-Romandie, confessionnellement et politiquement neutre, poursuit les buts suivants\u00a0: \u00eatre un lieu d&rsquo;information sur la communication en facilitation, dans un souci de qualit\u00e9 et d&rsquo;\u00e9thique dans la promotion, la recherche et l&rsquo;application de ces approches ; soutenir toute d\u00e9marche [&hellip;]<\/p>\n","protected":false},"author":1,"featured_media":0,"parent":2,"menu_order":0,"comment_status":"closed","ping_status":"closed","template":"","meta":{"_acf_changed":false,"footnotes":""},"class_list":["post-61","page","type-page","status-publish","hentry"],"acf":[],"_links":{"self":[{"href":"https:\/\/www.cf-romandie.ch\/ncfrom\/wp-json\/wp\/v2\/pages\/61","targetHints":{"allow":["GET"]}}],"collection":[{"href":"https:\/\/www.cf-romandie.ch\/ncfrom\/wp-json\/wp\/v2\/pages"}],"about":[{"href":"https:\/\/www.cf-romandie.ch\/ncfrom\/wp-json\/wp\/v2\/types\/page"}],"author":[{"embeddable":true,"href":"https:\/\/www.cf-romandie.ch\/ncfrom\/wp-json\/wp\/v2\/users\/1"}],"replies":[{"embeddable":true,"href":"https:\/\/www.cf-romandie.ch\/ncfrom\/wp-json\/wp\/v2\/comments?post=61"}],"version-history":[{"count":20,"href":"https:\/\/www.cf-romandie.ch\/ncfrom\/wp-json\/wp\/v2\/pages\/61\/revisions"}],"predecessor-version":[{"id":11285,"href":"https:\/\/www.cf-romandie.ch\/ncfrom\/wp-json\/wp\/v2\/pages\/61\/revisions\/11285"}],"up":[{"embeddable":true,"href":"https:\/\/www.cf-romandie.ch\/ncfrom\/wp-json\/wp\/v2\/pages\/2"}],"wp:attachment":[{"href":"https:\/\/www.cf-romandie.ch\/ncfrom\/wp-json\/wp\/v2\/media?parent=61"}],"curies":[{"name":"wp","href":"https:\/\/api.w.org\/{rel}","templated":true}]}}