{"id":794,"date":"2015-07-05T14:12:18","date_gmt":"2015-07-05T13:12:18","guid":{"rendered":"http:\/\/www.cf-romandie.ch\/ncfrom\/?page_id=794"},"modified":"2023-02-19T09:41:16","modified_gmt":"2023-02-19T08:41:16","slug":"confederation-cftmpp","status":"publish","type":"page","link":"https:\/\/www.cf-romandie.ch\/ncfrom\/association\/confederation-cftmpp","title":{"rendered":"Conf\u00e9d\u00e9ration CFTMPP&rsquo; &#8211; CeP"},"content":{"rendered":"\t\t<div data-elementor-type=\"wp-page\" data-elementor-id=\"794\" class=\"elementor elementor-794\" data-elementor-post-type=\"page\">\n\t\t\t\t\t\t<section class=\"elementor-section elementor-top-section elementor-element elementor-element-8e865bf elementor-section-boxed elementor-section-height-default elementor-section-height-default\" data-id=\"8e865bf\" data-element_type=\"section\" data-e-type=\"section\" data-settings=\"{&quot;background_background&quot;:&quot;classic&quot;}\">\n\t\t\t\t\t\t<div class=\"elementor-container elementor-column-gap-default\">\n\t\t\t\t\t<div class=\"elementor-column elementor-col-100 elementor-top-column elementor-element elementor-element-ff39474\" data-id=\"ff39474\" data-element_type=\"column\" data-e-type=\"column\">\n\t\t\t<div class=\"elementor-widget-wrap elementor-element-populated\">\n\t\t\t\t\t\t<section class=\"elementor-section elementor-inner-section elementor-element elementor-element-6d82c13 elementor-section-height-min-height elementor-section-boxed elementor-section-height-default\" data-id=\"6d82c13\" data-element_type=\"section\" data-e-type=\"section\">\n\t\t\t\t\t\t<div class=\"elementor-container elementor-column-gap-default\">\n\t\t\t\t\t<div class=\"elementor-column elementor-col-50 elementor-inner-column elementor-element elementor-element-d8fb7ad\" data-id=\"d8fb7ad\" data-element_type=\"column\" data-e-type=\"column\">\n\t\t\t<div class=\"elementor-widget-wrap elementor-element-populated\">\n\t\t\t\t\t\t<div class=\"elementor-element elementor-element-1209884 elementor-widget elementor-widget-heading\" data-id=\"1209884\" data-element_type=\"widget\" data-e-type=\"widget\" data-widget_type=\"heading.default\">\n\t\t\t\t<div class=\"elementor-widget-container\">\n\t\t\t\t\t<h4 class=\"elementor-heading-title elementor-size-default\">Conf\u00e9d\u00e9ration CFTMPP'<\/h4>\t\t\t\t<\/div>\n\t\t\t\t<\/div>\n\t\t\t\t\t<\/div>\n\t\t<\/div>\n\t\t\t\t<div class=\"elementor-column elementor-col-50 elementor-inner-column elementor-element elementor-element-ad3cde0\" data-id=\"ad3cde0\" data-element_type=\"column\" data-e-type=\"column\">\n\t\t\t<div class=\"elementor-widget-wrap elementor-element-populated\">\n\t\t\t\t\t\t<div class=\"elementor-element elementor-element-3b4ee68 elementor-widget elementor-widget-raven-search-form\" data-id=\"3b4ee68\" data-element_type=\"widget\" data-e-type=\"widget\" data-settings=\"{&quot;_skin&quot;:&quot;classic&quot;}\" data-widget_type=\"raven-search-form.classic\">\n\t\t\t\t<div class=\"elementor-widget-container\">\n\t\t\t\t\t\t\t<form class=\"raven-search-form raven-search-form-classic\" method=\"get\" action=\"https:\/\/www.cf-romandie.ch\/ncfrom\/\" role=\"search\">\n\t\t\t<div class=\"raven-search-form-container\">\n\t\t\t\t<div class=\"raven-search-form-inner\">\n\t\t\t\t\t<label class=\"elementor-screen-only\" for=\"raven-search-form-input\">Search<\/label>\n\t\t\t\t\t<input id=\"raven-search-form-input\" class=\"raven-search-form-input\" type=\"search\" name=\"s\" placeholder=\"Rechercher...\" \/>\n\t\t\t\t\t\t\t\t\t\t\t\t\t\t\t\t\t\t<button class=\"raven-search-form-button raven-search-form-button-svg\" type=\"submit\" aria-label=\"Search\">\n\t\t\t\t\t\t\t\t\t<i class=\"fas fa-search\"><\/i>\t\t\t\t\t\t\t\t<\/button>\n\t\t\t\t\t\t\t\t\t\t\t\t\t\t\t\t\t<\/div>\n\t\t\t<\/div>\n\t\t<\/form>\n\t\t\t\t\t\t<\/div>\n\t\t\t\t<\/div>\n\t\t\t\t\t<\/div>\n\t\t<\/div>\n\t\t\t\t\t<\/div>\n\t\t<\/section>\n\t\t\t\t\t<\/div>\n\t\t<\/div>\n\t\t\t\t\t<\/div>\n\t\t<\/section>\n\t\t\t\t<section class=\"elementor-section elementor-top-section elementor-element elementor-element-f0683eb elementor-section-full_width elementor-section-height-default elementor-section-height-default\" data-id=\"f0683eb\" data-element_type=\"section\" data-e-type=\"section\" data-settings=\"{&quot;background_background&quot;:&quot;classic&quot;}\">\n\t\t\t\t\t\t<div class=\"elementor-container elementor-column-gap-default\">\n\t\t\t\t\t<div class=\"elementor-column elementor-col-100 elementor-top-column elementor-element elementor-element-3bb904e\" data-id=\"3bb904e\" data-element_type=\"column\" data-e-type=\"column\">\n\t\t\t<div class=\"elementor-widget-wrap elementor-element-populated\">\n\t\t\t\t\t\t<section class=\"elementor-section elementor-inner-section elementor-element elementor-element-a70e1d9 elementor-section-boxed elementor-section-height-default elementor-section-height-default\" data-id=\"a70e1d9\" data-element_type=\"section\" data-e-type=\"section\">\n\t\t\t\t\t\t<div class=\"elementor-container elementor-column-gap-default\">\n\t\t\t\t\t<div class=\"elementor-column elementor-col-100 elementor-inner-column elementor-element elementor-element-042de32\" data-id=\"042de32\" data-element_type=\"column\" data-e-type=\"column\">\n\t\t\t<div class=\"elementor-widget-wrap elementor-element-populated\">\n\t\t\t\t\t\t<div class=\"elementor-element elementor-element-8d86420 elementor-align-center elementor-widget elementor-widget-raven-breadcrumbs\" data-id=\"8d86420\" data-element_type=\"widget\" data-e-type=\"widget\" data-widget_type=\"raven-breadcrumbs.default\">\n\t\t\t\t<div class=\"elementor-widget-container\">\n\t\t\t\t\t<div class=\"raven-breadcrumbs raven-breadcrumbs-default\"><div class=\"breadcrumb\">\t\t\t\t\t\t\t\t<div class=\"breadcrumb-item active\" aria-current=\"page\"><span>Home<\/span><\/div>\n\n\t\t\t\t<\/div><\/div>\t\t\t\t<\/div>\n\t\t\t\t<\/div>\n\t\t\t\t\t<\/div>\n\t\t<\/div>\n\t\t\t\t\t<\/div>\n\t\t<\/section>\n\t\t\t\t<div class=\"elementor-element elementor-element-ec3b87d elementor-nav-menu--dropdown-tablet elementor-nav-menu__text-align-aside elementor-nav-menu--toggle elementor-nav-menu--burger elementor-widget elementor-widget-nav-menu\" data-id=\"ec3b87d\" data-element_type=\"widget\" data-e-type=\"widget\" data-settings=\"{&quot;layout&quot;:&quot;horizontal&quot;,&quot;submenu_icon&quot;:{&quot;value&quot;:&quot;&lt;i class=\\&quot;fas fa-caret-down\\&quot; aria-hidden=\\&quot;true\\&quot;&gt;&lt;\\\/i&gt;&quot;,&quot;library&quot;:&quot;fa-solid&quot;},&quot;toggle&quot;:&quot;burger&quot;}\" data-widget_type=\"nav-menu.default\">\n\t\t\t\t<div class=\"elementor-widget-container\">\n\t\t\t\t\t\t\t\t<nav aria-label=\"Menu\" class=\"elementor-nav-menu--main elementor-nav-menu__container elementor-nav-menu--layout-horizontal e--pointer-none\">\n\t\t\t\t<ul id=\"menu-1-ec3b87d\" class=\"elementor-nav-menu\"><li class=\"menu-item menu-item-type-post_type menu-item-object-page menu-item-has-children menu-item-259\"><a href=\"https:\/\/www.cf-romandie.ch\/ncfrom\/association\" class=\"elementor-item\">CF-Romandie<\/a>\n<ul class=\"sub-menu elementor-nav-menu--dropdown\">\n\t<li class=\"menu-item menu-item-type-post_type menu-item-object-page menu-item-260\"><a href=\"https:\/\/www.cf-romandie.ch\/ncfrom\/association\/buts-de-lassociation\" class=\"elementor-sub-item\">Buts de l\u2019association<\/a><\/li>\n\t<li class=\"menu-item menu-item-type-post_type menu-item-object-page menu-item-261\"><a href=\"https:\/\/www.cf-romandie.ch\/ncfrom\/association\/statuts\" class=\"elementor-sub-item\">Statuts<\/a><\/li>\n\t<li class=\"menu-item menu-item-type-post_type menu-item-object-page menu-item-262\"><a href=\"https:\/\/www.cf-romandie.ch\/ncfrom\/association\/comite\" class=\"elementor-sub-item\">Comit\u00e9<\/a><\/li>\n<\/ul>\n<\/li>\n<li class=\"menu-item menu-item-type-post_type menu-item-object-page menu-item-800\"><a href=\"https:\/\/www.cf-romandie.ch\/ncfrom\/association\/confederation-cftmpp\" class=\"elementor-item\">Conf\u00e9d\u00e9ration CFTMPP\u2019<\/a><\/li>\n<li class=\"menu-item menu-item-type-post_type menu-item-object-page menu-item-has-children menu-item-264\"><a href=\"https:\/\/www.cf-romandie.ch\/ncfrom\/membres\" class=\"elementor-item\">Membres<\/a>\n<ul class=\"sub-menu elementor-nav-menu--dropdown\">\n\t<li class=\"menu-item menu-item-type-post_type menu-item-object-page menu-item-9794\"><a href=\"https:\/\/www.cf-romandie.ch\/ncfrom\/login-2\" class=\"elementor-sub-item\">Login<\/a><\/li>\n\t<li class=\"menu-item menu-item-type-post_type menu-item-object-page menu-item-4441\"><a href=\"https:\/\/www.cf-romandie.ch\/ncfrom\/membres\/accueil-membre2\" class=\"elementor-sub-item\">Espace membres<\/a><\/li>\n\t<li class=\"menu-item menu-item-type-post_type menu-item-object-page menu-item-263\"><a href=\"https:\/\/www.cf-romandie.ch\/ncfrom\/membres\/devenir-membre\" class=\"elementor-sub-item\">Devenir membre<\/a><\/li>\n<\/ul>\n<\/li>\n<li class=\"menu-item menu-item-type-post_type menu-item-object-page menu-item-265\"><a href=\"https:\/\/www.cf-romandie.ch\/ncfrom\/nous-contacter\" class=\"elementor-item\">Nous contacter<\/a><\/li>\n<\/ul>\t\t\t<\/nav>\n\t\t\t\t\t<div class=\"elementor-menu-toggle\" role=\"button\" tabindex=\"0\" aria-label=\"Permuter le menu\" aria-expanded=\"false\">\n\t\t\t<i aria-hidden=\"true\" role=\"presentation\" class=\"elementor-menu-toggle__icon--open eicon-menu-bar\"><\/i><i aria-hidden=\"true\" role=\"presentation\" class=\"elementor-menu-toggle__icon--close eicon-close\"><\/i>\t\t<\/div>\n\t\t\t\t\t<nav class=\"elementor-nav-menu--dropdown elementor-nav-menu__container\" aria-hidden=\"true\">\n\t\t\t\t<ul id=\"menu-2-ec3b87d\" class=\"elementor-nav-menu\"><li class=\"menu-item menu-item-type-post_type menu-item-object-page menu-item-has-children menu-item-259\"><a href=\"https:\/\/www.cf-romandie.ch\/ncfrom\/association\" class=\"elementor-item\" tabindex=\"-1\">CF-Romandie<\/a>\n<ul class=\"sub-menu elementor-nav-menu--dropdown\">\n\t<li class=\"menu-item menu-item-type-post_type menu-item-object-page menu-item-260\"><a href=\"https:\/\/www.cf-romandie.ch\/ncfrom\/association\/buts-de-lassociation\" class=\"elementor-sub-item\" tabindex=\"-1\">Buts de l\u2019association<\/a><\/li>\n\t<li class=\"menu-item menu-item-type-post_type menu-item-object-page menu-item-261\"><a href=\"https:\/\/www.cf-romandie.ch\/ncfrom\/association\/statuts\" class=\"elementor-sub-item\" tabindex=\"-1\">Statuts<\/a><\/li>\n\t<li class=\"menu-item menu-item-type-post_type menu-item-object-page menu-item-262\"><a href=\"https:\/\/www.cf-romandie.ch\/ncfrom\/association\/comite\" class=\"elementor-sub-item\" tabindex=\"-1\">Comit\u00e9<\/a><\/li>\n<\/ul>\n<\/li>\n<li class=\"menu-item menu-item-type-post_type menu-item-object-page menu-item-800\"><a href=\"https:\/\/www.cf-romandie.ch\/ncfrom\/association\/confederation-cftmpp\" class=\"elementor-item\" tabindex=\"-1\">Conf\u00e9d\u00e9ration CFTMPP\u2019<\/a><\/li>\n<li class=\"menu-item menu-item-type-post_type menu-item-object-page menu-item-has-children menu-item-264\"><a href=\"https:\/\/www.cf-romandie.ch\/ncfrom\/membres\" class=\"elementor-item\" tabindex=\"-1\">Membres<\/a>\n<ul class=\"sub-menu elementor-nav-menu--dropdown\">\n\t<li class=\"menu-item menu-item-type-post_type menu-item-object-page menu-item-9794\"><a href=\"https:\/\/www.cf-romandie.ch\/ncfrom\/login-2\" class=\"elementor-sub-item\" tabindex=\"-1\">Login<\/a><\/li>\n\t<li class=\"menu-item menu-item-type-post_type menu-item-object-page menu-item-4441\"><a href=\"https:\/\/www.cf-romandie.ch\/ncfrom\/membres\/accueil-membre2\" class=\"elementor-sub-item\" tabindex=\"-1\">Espace membres<\/a><\/li>\n\t<li class=\"menu-item menu-item-type-post_type menu-item-object-page menu-item-263\"><a href=\"https:\/\/www.cf-romandie.ch\/ncfrom\/membres\/devenir-membre\" class=\"elementor-sub-item\" tabindex=\"-1\">Devenir membre<\/a><\/li>\n<\/ul>\n<\/li>\n<li class=\"menu-item menu-item-type-post_type menu-item-object-page menu-item-265\"><a href=\"https:\/\/www.cf-romandie.ch\/ncfrom\/nous-contacter\" class=\"elementor-item\" tabindex=\"-1\">Nous contacter<\/a><\/li>\n<\/ul>\t\t\t<\/nav>\n\t\t\t\t\t\t<\/div>\n\t\t\t\t<\/div>\n\t\t\t\t\t<\/div>\n\t\t<\/div>\n\t\t\t\t\t<\/div>\n\t\t<\/section>\n\t\t\t\t<section class=\"elementor-section elementor-top-section elementor-element elementor-element-d8cd75a elementor-section-boxed elementor-section-height-default elementor-section-height-default\" data-id=\"d8cd75a\" data-element_type=\"section\" data-e-type=\"section\">\n\t\t\t\t\t\t<div class=\"elementor-container elementor-column-gap-default\">\n\t\t\t\t\t<div class=\"elementor-column elementor-col-100 elementor-top-column elementor-element elementor-element-5671e16\" data-id=\"5671e16\" data-element_type=\"column\" data-e-type=\"column\">\n\t\t\t<div class=\"elementor-widget-wrap elementor-element-populated\">\n\t\t\t\t\t\t<div class=\"elementor-element elementor-element-2203d74 elementor-widget elementor-widget-spacer\" data-id=\"2203d74\" data-element_type=\"widget\" data-e-type=\"widget\" data-widget_type=\"spacer.default\">\n\t\t\t\t<div class=\"elementor-widget-container\">\n\t\t\t\t\t\t\t<div class=\"elementor-spacer\">\n\t\t\t<div class=\"elementor-spacer-inner\"><\/div>\n\t\t<\/div>\n\t\t\t\t\t\t<\/div>\n\t\t\t\t<\/div>\n\t\t\t\t<div class=\"elementor-element elementor-element-92ef1f5 elementor-widget elementor-widget-text-editor\" data-id=\"92ef1f5\" data-element_type=\"widget\" data-e-type=\"widget\" data-widget_type=\"text-editor.default\">\n\t\t\t\t<div class=\"elementor-widget-container\">\n\t\t\t\t\t\t\t\t\t<h2>Conf\u00e9d\u00e9ration Francophone Ta Main Pour Parler&rsquo; (CFTMPP&rsquo;)<\/h2>\n<h2>qui devient \u00ab\u00a0Communiquer en Psychophanie\u00a0\u00bb (CeP)<\/h2>\t\t\t\t\t\t\t\t<\/div>\n\t\t\t\t<\/div>\n\t\t\t\t\t<\/div>\n\t\t<\/div>\n\t\t\t\t\t<\/div>\n\t\t<\/section>\n\t\t\t\t<section class=\"elementor-section elementor-top-section elementor-element elementor-element-18915a5 elementor-section-boxed elementor-section-height-default elementor-section-height-default\" data-id=\"18915a5\" data-element_type=\"section\" data-e-type=\"section\">\n\t\t\t\t\t\t<div class=\"elementor-container elementor-column-gap-default\">\n\t\t\t\t\t<div class=\"elementor-column elementor-col-100 elementor-top-column elementor-element elementor-element-28b2dbe\" data-id=\"28b2dbe\" data-element_type=\"column\" data-e-type=\"column\">\n\t\t\t<div class=\"elementor-widget-wrap elementor-element-populated\">\n\t\t\t\t\t\t<div class=\"elementor-element elementor-element-33892e5 elementor-widget elementor-widget-text-editor\" data-id=\"33892e5\" data-element_type=\"widget\" data-e-type=\"widget\" data-widget_type=\"text-editor.default\">\n\t\t\t\t<div class=\"elementor-widget-container\">\n\t\t\t\t\t\t\t\t\t<p align=\"justify\">La Conf\u00e9d\u00e9ration Francophone Ta Main Pour Parler\u2019 (CFTMPP\u2019) a \u00e9t\u00e9 cr\u00e9\u00e9e en 2011 sous une forme de conf\u00e9d\u00e9ration en regroupant les diff\u00e9rentes associations r\u00e9gionales, ateliers de pratique et p\u00f4les de formation de la francophonie europ\u00e9enne (France, Belgique, Suisse).<\/p>\n<p align=\"justify\">En 2015 elle a cr\u00e9\u00e9 l\u2019Ecole de formation CFTMPP\u2019.<\/p>\n<p align=\"justify\">CF-Romandie est membre de CFTMPP&rsquo; depuis 2012.<\/p>\nEn 2022 CFTMPP&rsquo; se scinde en deux associations :\n<ul>\n \t<li>\u00ab\u00a0Communiquer en Psychophanie\u00a0\u00bb (CeP)<\/li>\n \t<li>\u00ab\u00a0Formaphanie\u00a0\u00bb qui est l&rsquo;organe de formation \u00e0 la CF et la Psychophanie (anciennement Ecole de formation CFTMPP\u2019)<\/li>\n<\/ul>\n<p align=\"justify\">\u00ab\u00a0Communiquer en Psychophanie\u00a0\u00bb (CeP) se d\u00e9finit comme un carrefour de r\u00e9f\u00e9rence o\u00f9 l\u2019on peut s\u2019informer, partager les exp\u00e9riences dans un souci de solidarit\u00e9, d\u2019\u00e9thique et de professionnalisme.<\/p>\n<p align=\"justify\">Voir le <a href=\"https:\/\/www.psychophanie.com\/\" target=\"_blank\" rel=\"noopener noreferrer\">site de Communiquer en Psychophanie (CeP) &#8211; Portail de la Psychophanie<\/a><\/p>\t\t\t\t\t\t\t\t<\/div>\n\t\t\t\t<\/div>\n\t\t\t\t\t<\/div>\n\t\t<\/div>\n\t\t\t\t\t<\/div>\n\t\t<\/section>\n\t\t\t\t<\/div>\n\t\t","protected":false},"excerpt":{"rendered":"<p>Conf\u00e9d\u00e9ration CFTMPP&rsquo; Home Conf\u00e9d\u00e9ration Francophone Ta Main Pour Parler&rsquo; (CFTMPP&rsquo;) qui devient \u00ab\u00a0Communiquer en Psychophanie\u00a0\u00bb (CeP) La Conf\u00e9d\u00e9ration Francophone Ta Main Pour Parler\u2019 (CFTMPP\u2019) a \u00e9t\u00e9 cr\u00e9\u00e9e en 2011 sous une forme de conf\u00e9d\u00e9ration en regroupant les diff\u00e9rentes associations r\u00e9gionales, ateliers de pratique et p\u00f4les de formation de la francophonie europ\u00e9enne (France, Belgique, Suisse). En [&hellip;]<\/p>\n","protected":false},"author":1,"featured_media":0,"parent":2,"menu_order":0,"comment_status":"closed","ping_status":"closed","template":"","meta":{"_acf_changed":false,"footnotes":""},"class_list":["post-794","page","type-page","status-publish","hentry"],"acf":[],"_links":{"self":[{"href":"https:\/\/www.cf-romandie.ch\/ncfrom\/wp-json\/wp\/v2\/pages\/794","targetHints":{"allow":["GET"]}}],"collection":[{"href":"https:\/\/www.cf-romandie.ch\/ncfrom\/wp-json\/wp\/v2\/pages"}],"about":[{"href":"https:\/\/www.cf-romandie.ch\/ncfrom\/wp-json\/wp\/v2\/types\/page"}],"author":[{"embeddable":true,"href":"https:\/\/www.cf-romandie.ch\/ncfrom\/wp-json\/wp\/v2\/users\/1"}],"replies":[{"embeddable":true,"href":"https:\/\/www.cf-romandie.ch\/ncfrom\/wp-json\/wp\/v2\/comments?post=794"}],"version-history":[{"count":29,"href":"https:\/\/www.cf-romandie.ch\/ncfrom\/wp-json\/wp\/v2\/pages\/794\/revisions"}],"predecessor-version":[{"id":11258,"href":"https:\/\/www.cf-romandie.ch\/ncfrom\/wp-json\/wp\/v2\/pages\/794\/revisions\/11258"}],"up":[{"embeddable":true,"href":"https:\/\/www.cf-romandie.ch\/ncfrom\/wp-json\/wp\/v2\/pages\/2"}],"wp:attachment":[{"href":"https:\/\/www.cf-romandie.ch\/ncfrom\/wp-json\/wp\/v2\/media?parent=794"}],"curies":[{"name":"wp","href":"https:\/\/api.w.org\/{rel}","templated":true}]}}